{"id":7986,"date":"2015-05-14T15:54:21","date_gmt":"2015-05-14T15:54:21","guid":{"rendered":"https:\/\/pyromax\/?page_id=7986"},"modified":"2018-06-06T12:15:45","modified_gmt":"2018-06-06T12:15:45","slug":"les-feux-de-lorchestre-epoustouflant","status":"publish","type":"page","link":"https:\/\/pyromax.ca\/?page_id=7986","title":{"rendered":"Les feux de l\u2019orchestre.  \u00c9poustouflant!"},"content":{"rendered":"<h1><strong>Les feux de l\u2019orchestre. \u00a0<\/strong><strong>\u00c9poustouflant!<\/strong><\/h1>\n<p>&nbsp;<\/p>\n<p><strong>Pyromax pyrotechnie inc. a relev\u00e9 le d\u00e9fi du 400<sup>e<\/sup> de Qu\u00e9bec en cr\u00e9ant un spectacle \u00e9blouissant o\u00f9 l\u2019innovation technologique \u00e9tait au rendez-vous. En collaboration avec l\u2019Orchestre Symphonique de L\u00e9vis, Gino Cantin concepteur du projet les Feux de l\u2019Orchestre et son \u00e9quipe ont ravis les milliers de spectateurs r\u00e9unis au parc du Rigolet dimanche soir \u00e0 St-Romuald.<\/strong><\/p>\n<p>&nbsp;<\/p>\n<p>D\u2019entr\u00e9e de jeu l\u2019OSL y est all\u00e9 d\u2019un hommage \u00e0 Gilles Vigneault, une pi\u00e8ce d\u2019une tr\u00e8s grande beaut\u00e9. &lt;&lt;Maintenant, je dois travailler avec la machine, vous aller voir quelque chose de vraiment sp\u00e9cial&gt;&gt; lan\u00e7ait le dynamique chef de l\u2019OSL, Gilles Auger. &lt;&lt;Le petit appareil \u00e0 mon oreille me donne la mesure des feux et c\u2019est ce rythme que je transmets aux musiciens, ainsi la musique suivra les tableaux pyrotechniques&gt;&gt; lance-t-il a une foule amus\u00e9e.<\/p>\n<p>&nbsp;<\/p>\n<p>Le chef devait suivre le rythme sur la ligne m\u00e9lodique fournit par Pyromax pyrotechnie, une premi\u00e8re mondiale. Les feux suivaient parfaitement la musique de l\u2019orchestre. Une exp\u00e9rience inoubliable pour tous ceux qui \u00e9taient pr\u00e9sents. Le dernier morceau sur la musique de Tchaikovsky \u00e9tait fabuleux. &lt;&lt; Des feux comme \u00e7a, on a rarement vu \u00e7a&gt;&gt; commentaient des spectateurs visiblement \u00e9mus quelques minutes apr\u00e8s la fin du spectacle.<\/p>\n<p>&nbsp;<\/p>\n<p>Il a fallu plusieurs mois de pr\u00e9paration et une rigueur moniale pour accomplir ces feux. &lt;&lt;Au d\u00e9but, nous \u00e9tions tr\u00e8s nerveux, tout cela aurait pu d\u00e9raper \u00e0 cause de la temp\u00e9rature ou d\u2019un probl\u00e8me technique, lance Gino Cantin lundi matin. Nous n\u2019avons pas encore dormi, Nous sommes \u00e0 ramasser nos \u00e9quipements sur la barge&gt;&gt; ajoute le pr\u00e9sident de Pyromax pyrotechnie.<\/p>\n<p>&nbsp;<\/p>\n<p>&lt;&lt;Tout ces d\u00e9roul\u00e9 \u00e0merveille, je l\u00e8ve mon chapeau au chef et aux musiciens de l\u2019OSL. Avec les Feux de l\u2019Orchestre, nous avons d\u00e9montr\u00e9 notre s\u00e9rieux. Nous nous tournonsr\u00e9solument vers l\u2019avenir&gt;&gt; r\u00e9sume l\u2019artificier raymondois. Le ciel est la limite comme disent les chinois.<\/p>\n<p>&nbsp;<\/p>\n<p>Article original<\/p>\n<ul>\n<li><a href=\"https:\/\/pyromax\/wp-content\/uploads\/article16.pdf\" target=\"_blank\">Les feux de l&rsquo;orchestre \u00c9poustoufflant!<\/a><\/li>\n<\/ul>\n","protected":false},"excerpt":{"rendered":"<p>Les feux de l\u2019orchestre. \u00a0\u00c9poustouflant! &nbsp; Pyromax pyrotechnie inc. a relev\u00e9 le d\u00e9fi du 400e de Qu\u00e9bec en cr\u00e9ant un spectacle \u00e9blouissant o\u00f9 l\u2019innovation technologique \u00e9tait au rendez-vous. En collaboration avec l\u2019Orchestre Symphonique de L\u00e9vis, Gino Cantin concepteur du projet les Feux de l\u2019Orchestre et son \u00e9quipe ont ravis les milliers de spectateurs r\u00e9unis au [&hellip;]<\/p>\n","protected":false},"author":1,"featured_media":0,"parent":0,"menu_order":0,"comment_status":"closed","ping_status":"open","template":"page-templates\/template_fullwidth.php","meta":{"pgc_meta":"","_eb_attr":"","ocean_post_layout":"","ocean_both_sidebars_style":"","ocean_both_sidebars_content_width":0,"ocean_both_sidebars_sidebars_width":0,"ocean_sidebar":"","ocean_second_sidebar":"","ocean_disable_margins":"enable","ocean_add_body_class":"","ocean_shortcode_before_top_bar":"","ocean_shortcode_after_top_bar":"","ocean_shortcode_before_header":"","ocean_shortcode_after_header":"","ocean_has_shortcode":"","ocean_shortcode_after_title":"","ocean_shortcode_before_footer_widgets":"","ocean_shortcode_after_footer_widgets":"","ocean_shortcode_before_footer_bottom":"","ocean_shortcode_after_footer_bottom":"","ocean_display_top_bar":"default","ocean_display_header":"default","ocean_header_style":"","ocean_center_header_left_menu":"","ocean_custom_header_template":"","ocean_custom_logo":0,"ocean_custom_retina_logo":0,"ocean_custom_logo_max_width":0,"ocean_custom_logo_tablet_max_width":0,"ocean_custom_logo_mobile_max_width":0,"ocean_custom_logo_max_height":0,"ocean_custom_logo_tablet_max_height":0,"ocean_custom_logo_mobile_max_height":0,"ocean_header_custom_menu":"","ocean_menu_typo_font_family":"","ocean_menu_typo_font_subset":"","ocean_menu_typo_font_size":0,"ocean_menu_typo_font_size_tablet":0,"ocean_menu_typo_font_size_mobile":0,"ocean_menu_typo_font_size_unit":"px","ocean_menu_typo_font_weight":"","ocean_menu_typo_font_weight_tablet":"","ocean_menu_typo_font_weight_mobile":"","ocean_menu_typo_transform":"","ocean_menu_typo_transform_tablet":"","ocean_menu_typo_transform_mobile":"","ocean_menu_typo_line_height":0,"ocean_menu_typo_line_height_tablet":0,"ocean_menu_typo_line_height_mobile":0,"ocean_menu_typo_line_height_unit":"","ocean_menu_typo_spacing":0,"ocean_menu_typo_spacing_tablet":0,"ocean_menu_typo_spacing_mobile":0,"ocean_menu_typo_spacing_unit":"","ocean_menu_link_color":"","ocean_menu_link_color_hover":"","ocean_menu_link_color_active":"","ocean_menu_link_background":"","ocean_menu_link_hover_background":"","ocean_menu_link_active_background":"","ocean_menu_social_links_bg":"","ocean_menu_social_hover_links_bg":"","ocean_menu_social_links_color":"","ocean_menu_social_hover_links_color":"","ocean_disable_title":"default","ocean_disable_heading":"default","ocean_post_title":"","ocean_post_subheading":"","ocean_post_title_style":"","ocean_post_title_background_color":"","ocean_post_title_background":0,"ocean_post_title_bg_image_position":"","ocean_post_title_bg_image_attachment":"","ocean_post_title_bg_image_repeat":"","ocean_post_title_bg_image_size":"","ocean_post_title_height":0,"ocean_post_title_bg_overlay":0.5,"ocean_post_title_bg_overlay_color":"","ocean_disable_breadcrumbs":"default","ocean_breadcrumbs_color":"","ocean_breadcrumbs_separator_color":"","ocean_breadcrumbs_links_color":"","ocean_breadcrumbs_links_hover_color":"","ocean_display_footer_widgets":"default","ocean_display_footer_bottom":"default","ocean_custom_footer_template":"","footnotes":""},"pgc_meta":"","_links":{"self":[{"href":"https:\/\/pyromax.ca\/index.php?rest_route=\/wp\/v2\/pages\/7986"}],"collection":[{"href":"https:\/\/pyromax.ca\/index.php?rest_route=\/wp\/v2\/pages"}],"about":[{"href":"https:\/\/pyromax.ca\/index.php?rest_route=\/wp\/v2\/types\/page"}],"author":[{"embeddable":true,"href":"https:\/\/pyromax.ca\/index.php?rest_route=\/wp\/v2\/users\/1"}],"replies":[{"embeddable":true,"href":"https:\/\/pyromax.ca\/index.php?rest_route=%2Fwp%2Fv2%2Fcomments&post=7986"}],"version-history":[{"count":0,"href":"https:\/\/pyromax.ca\/index.php?rest_route=\/wp\/v2\/pages\/7986\/revisions"}],"wp:attachment":[{"href":"https:\/\/pyromax.ca\/index.php?rest_route=%2Fwp%2Fv2%2Fmedia&parent=7986"}],"curies":[{"name":"wp","href":"https:\/\/api.w.org\/{rel}","templated":true}]}}